. Let o(j) = j**3 - 5*j**2 - 3*j + 3. What is o(r)?
-12
Let u(n) be the first derivative of -n**4/12 + 2*n**3 - 62*n**2 - 73. Let a(t) be the second derivative of u(t). Calculate a(9).
-6
Let l(g) = -3*g - 2. Let j be l(2). Let d(h) be the third derivative of 0*h - 7/6*h**3 + 1/60*h**5 - 2 + 1/4*h**4 + 113*h**2. Give d(j).
9
Let i(u) = -3*u + 3. Suppose -3*a + 4*b + 252 = -2*a, 4*a = -2*b + 1098. Suppose 7*c + a = 3*c. Let y = -63 - c. Determine i(y).
-12
Let o = 159 + -65. Let v(s) = 0 - 92*s + 2 + 0 + o*s. Give v(-3).
-4
Suppose 4*l = -5*f + 30, l + 1 = 2*f + 2. Let p(v) = 44 - f*v - 39 + 3*v. Let h(c) = -22*c + 160. Let d be h(7). Determine p(d).
11
Let f(g) = -7*g. Let t(r) = 9*r + 1. Let k(u) = -5*f(u) - 4*t(u). Suppose v = -849 + 845. Give k(v).
0
Let f(m) be the first derivative of m**4/4 + 4*m**3/3 + 3*m**2 + 3*m + 33. Let y be f(-2). Let h be y*((-40)/(-4))/5. Let w(t) = -t**2 + 2*t + 3. Give w(h).
-5
Let x be (3/(-9))/((-3)/63). Suppose -16 = x*k - 79. Suppose -2*l + 2*t - 25 = -k, l + 3*t = 12. Let z(n) = n + 2. Give z(l).
-1
Let y(k) = -k**3 + 6*k - 5*k**2 + 6*k**2 - 1 - 6 + 4*k**2. Suppose 0 = -16*u + 25*u - 225. Suppose -8*v + u = -23. Determine y(v).
-7
Let t(d) = -d**3 - 6*d**2 - 7*d + 3. Let b be t(-4). Let f be 42/(-6) + 20 - (b + 1). Let v(p) = -p**2 + 14*p + 2. Calculate v(f).
15
Let v(b) be the third derivative of -b**7/1680 + b**5/30 - 2*b**4/3 + 5*b**2 + 3. Let x(n) be the third derivative of v(n). Give x(2).
-6
Let k(w) = w**3 + w**2 - 6*w + 8. Let c(v) = -2*v**2 + 3*v + 11. Let l(h) = -c(h) + k(h). Determine l(-4).
17
Let s be (-54)/(-24) + (-117)/52 - (5 - 0). Let w(i) = i**3 - 6*i - 6. Give w(s).
-101
Let w(t) = 11*t**3 + 12*t - 9. Let r(l) = 14*l**3 + l**2 + 7*l - 10. Let c(h) = 4*r(h) - 5*w(h). Calculate c(-8).
5
Let q(b) be the third derivative of -1/60*b**5 + 7/24*b**4 + 0 + 0*b - 11*b**2 - 7/6*b**3. Suppose -5*i + 18 = -2*i. Give q(i).
-1
Let i(c) be the third derivative of c**4/24 + 2*c**3/3 + 218*c**2. Suppose n = -5*u - 4, n + 0*u = -2*u - 4. What is i(n)?
0
Let h(k) = -6*k**2 + 37*k - 46. Let v(p) = 13*p**2 - 79*p + 98. Let b(o) = 11*h(o) + 5*v(o). Determine b(7).
19
Let m(k) be the first derivative of k**2 - k**3 + 1/4*k**4 + 128 - 2*k. Give m(2).
-2
Let o(m) = -m**3 - 5*m**2 + 5*m + 7. Let w be (-8 - (8 - 24)) + 408. Let b = -421 + w. Give o(b).
-18
Suppose -3406 = 290*l - 796. Let m(n) = n**3 + 10*n**2 + 9*n + 9. Determine m(l).
9
Let m(c) = 4*c - 25. Let i = 12183 - 12175. Give m(i).
7
Let b be 2/64*4 + 1/40. Let x(l) be the second derivative of b*l**5 + 0*l**3 + 0 - 1/2*l**2 + 1/12*l**4 - 7*l. Calculate x(-2).
-21
Let t(u) = -u**2 - u + 1. Let p(g) = g**2 - 6*g + 7. Let l(z) = -p(z) - 2*t(z). Suppose 0 = 852*d - 549*d + 2727. Give l(d).
0
Let l be -1*(2/(-2) - 1). Let z(u) = -4*u + 9*u - 2*u**2 + u**l. Let a(c) = -c**3 + c**2 + 75*c - 146. Let k be a(8). Calculate z(k).
-6
Suppose -4*n - 3*o + 58 = 0, 0 = 4*n + 5*o + 21 - 91. Let x(v) = v - 16. Let u(a) = 2*a - 33. Let r = 8 + -11. Let b(w) = r*u(w) + 7*x(w). Determine b(n).
-3
Let f be -112 + 4 + -8 + 2 + 6. Let l = -106 - f. Let d(u) = u**l + u**2 + 0 + 440*u - 436*u + 2. What is d(-4)?
18
Let b(r) = r + 37. Suppose w = -y - 22, -249*y = 2*w - 250*y + 41. Calculate b(w).
16
Let x(t) = -5*t + 31. Let g(z) = -12*z + 69. Let y(r) = -4*g(r) + 9*x(r). What is y(-4)?
-9
Let c(k) = 5*k**2 - 4*k**2 + 12408 - 12394. What is c(10)?
114
Let l be 14/(-70) - (-106)/5. Let j(b) = -l - 18 + 16*b + 16 - b**2 + 1. Calculate j(14).
6
Suppose -8*f = -3*f - 5. Let o(x) be the second derivative of -30*x - 1/20*x**5 + 1/3*x**3 - 1/2*x**2 + 0 + 0*x**4. Give o(f).
0
Let p be (-15210)/36*(-1 + (-2)/(-10)). Let l = -153 + p. Let y(g) = l - 185 - 3*g. Calculate y(-4).
12
Let b be ((-22)/5)/(2/10). Let x = b + 24. Suppose -12 = -x*q - 4*q. Let h(j) = j - 3. Determine h(q).
-1
Let d(t) = -t**2 + 4*t + 2. Suppose -o - 25 = 2*o + 5*i, -4*i - 20 = 3*o. Suppose o = 10*n + 683 + 607. Let j = -126 - n. Calculate d(j).
5
Let r = -7 - -11. Let k = r - 6. Let o(t) be the second derivative of -t**4/6 - t**3/6 + 13*t + 95. Give o(k).
-6
Let l = 1410 + -602. Let m(u) = 2*u**2 - 793*u + l*u - u**2 + 8. Calculate m(-14).
-6
Let v be (3/(-18))/((-31)/558). Let y(o) = -2*o**3 - 5428*o + 5430*o + 3*o**v + 7*o**2. Determine y(-7).
-14
Suppose j = 2*b - 9, 4*j = 10*b - 14*b + 24. Let y(r) = -1 - j - 5 + r - 8 + 0*r. Calculate y(14).
-1
Let y(s) = -10*s + 4. Let z(t) = -9*t + 4. Let n(o) = -6*y(o) + 7*z(o). Let m = 881 + -878. What is n(m)?
-5
Let l(s) = 59*s - 38137 - 51*s + 38099. What is l(11)?
50
Let t(s) = -s**2 + s. Suppose -4*q + 425 = -4*l + 61, 0 = 5*l - 20. Let o be q/38 - (-1)/2. Determine t(o).
-6
Suppose -2*q - 4*g + 12 = 0, -37*q = -33*q + 4*g - 32. Let i(w) = -w**3 + 10*w**2 - 6*w + 6. Calculate i(q).
-54
Let l(b) = -7*b**3 - 19*b**2 - 9*b + 1. Let z(r) = 13*r**3 + 37*r**2 + 19*r - 3. Let c(v) = 9*l(v) + 5*z(v). Determine c(-6).
-18
Let x = -223 + 117. Let n = -102 - x. Let m(w) = w**3 - 5*w**2 + 7*w - 5. Calculate m(n).
7
Let s(h) be the first derivative of h**4/4 - 5*h**3/3 - 5*h**2 + 5*h + 1017. Calculate s(7).
33
Let c(i) = i**3. Let y(r) = r**3 + 4*r**2 + 2*r - 3. Let d(q) = -2*c(q) + y(q). Let t = -660 + 961. Let s = t + -297. What is d(s)?
5
Let o = 51 - 14. Suppose -6*t + 631 = o. Let n = t - 93. Let c(d) = -d**2 + 8*d - 9. What is c(n)?
3
Let q(v) = v - 4. Suppose -8*c + 147 = 179. Let d be (138/(-6) + 5)*c/8. What is q(d)?
5
Let d(i) = 16*i - 38. Let v(f) = 125*f - 297. Let y(a) = -47*d(a) + 6*v(a). Let p be (1 + (-4)/2)*6. What is y(p)?
16
Suppose 65*x - 57*x - 120 = 0. Suppose 5*a + x = 10*a. Let s(g) = 9*g - 3*g - 8 + 4. What is s(a)?
14
Let v(s) = s**2 + 3*s - 63. Suppose 3*i - 3*z = 25 - 1, -7 = 7*z. Calculate v(i).
7
Let k(n) = -2*n**3 + n**2 + n - 1. Let m = -20 + 24. Suppose 0 = -5*o, -o = -2*g + m*o + 2. Determine k(g).
-1
Let p(s) be the first derivative of -s**4/4 - s**3/3 - s**2 + 4*s + 1189. What is p(0)?
4
Let w(m) = 29743*m + 29762*m - 59456*m. Determine w(-1).
-49
Let y(p) = -6*p + 7. Suppose 48 = v + 53. Let d = v + 10. Calculate y(d).
-23
Let d = 1 - -3. Let m be (d/3)/(2/9). Let b(n) = -2 - n**2 - 5 + 6 + 6*n - 5. Determine b(m).
-6
Let z = 51 - 33. Suppose 2*q + 0*q + 4*b + 4 = 0, -5*q + 4*b = -z. Let o(l) = -238 - 8*l + 116 + 121. Calculate o(q).
-17
Let f(c) = -c**2 - 4*c - 2. Let o(w) = w**3 + 3*w**2 - 6*w - 6. Suppose 4*a - 24 = 10*a. Let l be o(a). Suppose l*p + p = -18. Give f(p).
-14
Let f(y) = y**2. Let m be f(2). Suppose -4 = -k + 10. Let l(w) = -k*w**2 + 13*w**2 - 5*w - 3*w + 12*w + 1. Calculate l(m).
1
Let j(x) = 6*x - 9. Let t(k) be the first derivative of 2*k**2 - 6*k + 145. Let s(r) = -5*j(r) + 8*t(r). Determine s(4).
5
Let k(m) be the third derivative of 0 - 1/120*m**6 - 48*m**2 + 0*m - 1/6*m**4 + 1/10*m**5 - 5/6*m**3. Determine k(4).
11
Let j be 1*(-1 + 0 + 4). Suppose j*u - 19 = -3*f + u, -5*f + 40 = -5*u. Let v(w) = -w**3 + 6*w**2 + 6*w + 13. Determine v(f).
6
Let y(n) = -16*n - 14. Let f(q) be the first derivative of -7*q**2/2 - 6*q - 85. Let c(g) = -14*f(g) + 6*y(g). What is c(4)?
8
Let m(j) = j - 1. Let b(k) = 16*k - 17*k - 8 - k. Suppose -4*t - t - 25 = 0. Let y be b(t). What is m(y)?
1
Let q(s) = 33*s**2 + 44 - 5*s**2 - s**3 - 143*s + 142*s. What is q(28)?
16
Let y(t) = t**3 - 2*t**2 + 2*t. Let x = 39 + -115. Let r = x + 80. Suppose 7*h - 22 = -r*h. Give y(h).
4
Let v(h) = 2*h**2 + 32*h + 46. Let t(g) = -202*g - 11125. Let q be t(-55). Determine v(q).
16
Suppose 3*x - 122 = x. Suppose x = 3*r + 16. Let v be (-4)/(-20) - (168/r)/(-4). Let c(q) = -2*q**2 + 3*q + 3. What is c(v)?
-6
Let m(j) be the first derivative of j**4/4 - 2*j**3/3 - 5*j**2/2 + 3*j + 3. Let c = -49 - -48. Let a be ((-6)/72*9)/(c/4). Determine m(a).
-3
Let t(d) = -d + 2. Let r(v) = -v**3 - 5*v**2 + 5*v. Let p be r(-6). Let f = -110 - -118. Suppose f*h + p = 10*h. Give t(h).
-1
Let u(z) = -61*z - 919. Let o be u(-15). Let y(m) = m**2 - 5*m. What is y(o)?
36
Let g(h) = h**2 - 11*h + 29. Let y be g(5). Let u be (4/(-2) - y)*(-2 - -3). Let n(j) = -5*j + 0*j + 2*j + 1. What is n(u)?
4
Let c(o) = 14*o + 102. Let p(i) = 16*i + 111. Let g(b) = -3*c(b) + 2*p(b). Determine g(-8).
-4
Suppose 5*t - 10 = -3*o + 23, -5*o + 55 = -t. Let c(y) = -2*y**2 + 24*y - 28. Calculate c